1947*u**2 - 9723*u - 70. Give m(5).
-10
Let a(y) = 33031*y - 165277. What is a(5)?
-122
Let m(z) = -95*z**2 + 45610*z - 4803. What is m(480)?
-3
Let f(k) = 2645*k + 174562. Determine f(-66).
-8
Let i(t) = -207911*t - 415845. What is i(-2)?
-23
Let l(k) = k**3 + 15*k**2 + 1615*k + 28028. Give l(-17).
-5
Let x(d) = -d**3 + 3*d**2 + 8*d - 24. What is x(3)?
0
Let r(d) = -d**3 - 23*d**2 + 18*d - 170. What is r(-23)?
-584
Let y(l) = -7*l**2 + 564*l + 1071362. What is y(-353)?
7
Let j(o) = -55*o**2 + 6971*o - 367. What is j(127)?
-2145
Let z(y) = -3*y**3 - 151*y**2 + 5333*y - 75. Determine z(24).
-531
Let l(c) = 198*c - 51960. Give l(264).
312
Let t(z) = 9652*z - 115768. Give t(12).
56
Let o(j) = 4*j**3 - 132*j**2 + 684*j + 407. Determine o(7).
99
Let s(v) = -2242*v - 160097. Determine s(-72).
1327
Let r(i) = -275*i - 63464. What is r(-231)?
61
Let w(b) = -b**3 - 44*b**2 + 279*b + 4534. Give w(-8).
-2
Let v(y) = -53*y**3 + 259*y**2 + 67*y - 16. Give v(5).
169
Let a(n) = -12*n**2 - 11568*n - 23132. Determine a(-2).
-44
Let v(b) = 60*b**3 + 2881*b**2 + 9*b - 1916. Give v(-48).
-44
Let b(v) = -v**3 - 7*v**2 - 35*v - 562. Calculate b(-10).
88
Let p(b) = 19*b**2 + 1324*b + 2115. What is p(-68)?
-61
Let z(w) = -7247*w - 275402. Determine z(-38).
-16
Let c(g) = -g**3 + 108*g**2 - 2932*g + 1135. Give c(57).
-290
Let m(u) = 4*u**2 + 370*u + 2736. What is m(-8)?
32
Let b(a) = 3*a**3 + 372*a**2 + 738*a + 699. Calculate b(-122).
-33
Let m(k) = -18*k**2 + 35850*k - 59691. Calculate m(1990).
9
Let z(m) = -m**2 - 206*m - 8956. Calculate z(-59).
-283
Let k(v) = 296*v + 4396. Calculate k(-16).
-340
Let s(u) = -766*u**2 + 2378*u - 246. Give s(3).
-6
Let t(y) = 12*y**3 - 221*y**2 + 731*y - 104. What is t(4)?
52
Let p(t) = -t**2 + 16011*t - 289. What is p(0)?
-289
Let q(v) = 2203*v - 41712. What is q(19)?
145
Let v(z) = 2*z**2 - 1909*z - 113111. Give v(-56).
65
Let q(k) = -23*k**2 + 27668*k + 84421. Calculate q(1206).
1
Let t(d) = -521188*d + 7296648. Determine t(14).
16
Let z(y) = -3912*y - 43035. Calculate z(-11).
-3
Let v(k) = 3*k**2 + 33*k - 370. Give v(9).
170
Let s(a) = 2*a**2 + 11*a - 1195. What is s(-30)?
275
Let i(b) = -10*b**3 + 1347*b**2 - 34042*b + 515. Give i(101).
10
Let y(f) = -f**3 - 31*f**2 - 148*f + 1089. What is y(-22)?
-11
Let k(v) = 6*v**3 - 10*v**2 + 2781*v + 5591. Calculate k(-2).
-59
Let m(c) = -24990*c + 999588. Give m(40).
-12
Let r(k) = k**3 - 112*k**2 - 2486*k + 383. Calculate r(131).
776
Let t(r) = -39*r**2 - 6704*r + 586. Give t(-172).
-102
Let k(s) = -6*s**2 + 72*s - 11. Determine k(11).
55
Let d(z) = -914*z - 104. Give d(-1).
810
Let h(f) = 566709*f - 15867850. Determine h(28).
2
Let n(w) = 4835*w + 19805. Determine n(-4).
465
Let o(d) = -d**3 + 10*d**2 - 24*d + 15. Determine o(4).
15
Let z(d) = 81672*d - 408363. Give z(5).
-3
Let v(z) = -6*z**3 - 1270*z**2 - 20563*z + 242. Determine v(-194).
48
Let p(g) = 754*g**2 - 594902*g - 3163. Give p(789).
-7
Let c(t) = -2*t**3 + 6*t**2 - 31536*t - 31542. Give c(-1).
2
Let r(a) = -a**3 - 167*a**2 + 842*a - 3101. What is r(-172)?
-5
Let i(j) = -j**3 + 368*j**2 - 7343*j + 1180. What is i(21)?
4
Let z(v) = 777*v + 6406. Determine z(-8).
190
Let q(j) = j**3 + 15*j**2 - 87*j - 1368. Give q(-11).
73
Let f(i) = -100*i**2 - 17*i + 85. What is f(-6)?
-3413
Let y(p) = -27696*p - 27696. Give y(-1).
0
Let p(a) = -8548*a + 196672. Determine p(23).
68
Let s(m) = -m**3 - 94*m**2 + 54*m - 3890. Calculate s(-95).
5
Let z(y) = 7599*y - 569931. Calculate z(75).
-6
Let c(b) = 9*b**2 + 607*b + 7422. What is c(-16)?
14
Let d(r) = 100*r - 998. Give d(20).
1002
Let m(a) = -288*a**3 - 9790*a**2 + 73*a + 167. Determine m(-34).
-3
Let j(f) = f**3 - 3*f**2 - 36720*f + 183621. Determine j(5).
71
Let c(h) = 12398*h - 347149. Determine c(28).
-5
Let x(r) = -10700*r + 32097. Determine x(3).
-3
Let d(t) = -467*t**2 + 14942*t + 74. Determine d(32).
10
Let y(u) = 10972*u - 877751. What is y(80)?
9
Let a(h) = -4104*h - 2544494. Determine a(-620).
-14
Let b(i) = -i**2 - 6212*i + 876295. Determine b(138).
-5
Let v(i) = 3235*i - 58170. What is v(18)?
60
Let c(v) = 172*v + 61774. What is c(-359)?
26
Let k(x) = 506*x + 93. Give k(2).
1105
Let f(y) = y**3 + 300*y**2 + 20919*y - 15343. Calculate f(-112).
1
Let p(d) = -5*d**2 + 479*d - 1355. Calculate p(93).
-53
Let i(r) = 1977*r + 233283. What is i(-118)?
-3
Let y(i) = -i**3 + 18*i**2 - 33*i + 72. Determine y(20).
-1388
Let w(c) = -c**3 + 13*c**2 + 60*c - 588. Determine w(10).
312
Let z(x) = -6*x**2 - 400*x + 1251. Determine z(-68).
707
Let x(t) = 6*t**3 + 55*t**2 - 374*t - 10. What is x(6)?
1022
Let k(g) = 33*g**3 - 1182*g**2 - 296*g - 19. Determine k(36).
-2899
Let g(k) = -3*k**3 - 9*k**2 - 18*k - 69. Give g(-4).
51
Let c(d) = -103*d - 1451. Determine c(-12).
-215
Let z(g) = -g**2 - 289*g - 18711. Give z(-139).
2139
Let l(u) = -2*u**2 - 227*u - 2836. Determine l(-105).
-1051
Let p(a) = -a**3 - 19*a**2 - 96*a - 81. What is p(-8)?
-17
Let z(p) = -487*p - 94914. Calculate z(-195).
51
Let p(f) = -12036*f - 818384. Give p(-68).
64
Let j(f) = 2*f**3 + 8*f**2 - 167*f - 544. What is j(-3)?
-25
Let c(f) = -f**3 - 2*f**2 - 14431*f - 57736. Give c(-4).
20
Let s(d) = -8550*d - 444743. Give s(-52).
-143
Let d(a) = -a**2 + 793*a + 66040. Give d(-76).
-4
Let q(l) = -12*l + 2200. What is q(181)?
28
Let r(c) = -c**3 + 2*c**2 - 2274*c + 6834. Calculate r(3).
3
Let d(k) = 4*k**2 - 19*k + 393. Calculate d(0).
393
Let i(n) = n**2 - 2500*n - 22594. What is i(-9)?
-13
Let h(z) = -4*z**3 + 272*z**2 - 4526*z + 16. Determine h(39).
-62
Let f(t) = -2*t**3 - 401*t**2 - 1360*t + 3731. Calculate f(-197).
-12
Let o(z) = 74*z**2 + 1397*z + 3357. Determine o(-16).
-51
Let u(g) = -18844*g + 1413388. What is u(75)?
88
Let w(l) = 2612*l - 864661. Give w(331).
-89
Let f(c) = 3*c**3 - 5*c**2 + 119*c - 455. Determine f(4).
133
Let x(p) = -584*p - 22843. What is x(-38)?
-651
Let w(y) = -90117*y + 450340. Calculate w(5).
-245
Let j(w) = -15*w**2 + 2720*w - 1730. Calculate j(179).
4535
Let s(x) = x**3 + 236*x**2 - 1723*x + 164. Calculate s(7).
10
Let i(y) = -y**3 - 425*y**2 - 18015*y + 30556. Calculate i(-377).
19
Let l(v) = 20*v**3 + 62*v**2 - 23*v - 90. Determine l(-3).
-3
Let i(g) = 1433*g - 1545. Calculate i(1).
-112
Let u(v) = 830*v + 339407. Calculate u(-409).
-63
Let y(b) = 1158*b + 31223. Determine y(-28).
-1201
Let o(t) = 27*t - 457. Determine o(47).
812
Let v(r) = 109991*r - 220026. Determine v(2).
-44
Let s(x) = 73*x**2 + 1588*x - 40. Give s(-22).
356
Let l(h) = -6*h**2 - 121*h - 743. Determine l(-8).
-159
Let t(l) = -5*l**3 - 175*l**2 - 181*l - 72. Give t(-34).
302
Let a(f) = 20*f**2 - 25*f - 45. Determine a(7).
760
Let l(v) = -823*v + 9848. Give l(12).
-28
Let k(j) = -j**3 + 5*j**2 + 537*j - 1612. What is k(3)?
17
Let h(r) = r**3 + 6*r**2 - 89136*r - 623946. Give h(-7).
-43
Let w(s) = -118*s**2 + 894*s + 634. Give w(8).
234
Let j(d) = -3*d**2 - 546*d + 7. Give j(-182).
7
Let b(i) = -348*i - 240761. Calculate b(-692).
55
Let d(g) = g**3 - 8*g**2 + 39*g - 549. Give d(17).
2715
Let m(d) = -182*d**2 + 2569*d + 126. Give m(14).
420
Let q(w) = 2*w**3 - 658*w**2 - 249*w + 81913. Give q(329).
-8
Let x(o) = 2*o**2 - 80*o + 844. Determine x(23).
62
Let u(p) = 2*p**2 - 156*p - 7710. Determine u(-38).
1106
Let q(m) = -2*m**3 + 40*m**2 - 312. Calculate q(20).
-312
Let f(m) = -m**2 - 170*m - 3915. Give f(-142).
61
Let x(z) = 21637*z + 2293530. What is x(-106)?
8
Let h(k) = 19*k**2 + 1163*k - 2139. Give h(-63).
3
Let l(w) = -9*w**3 - 47*w**2 - 222*w - 24. Give l(-4).
688
Let u(s) = 13*s**2 - 9673*s - 29018. Give u(-3).
118
Let a(f) = 7*f**2 - 661*f - 3894. Calculate a(100).
6
Let o(i) = i**3 - 47*i**2 + 352*i + 303. What is o(35)?
-2077
Let n(z) = 106*z**3 + 531*z**2 + 20*z + 53. Determine n(-5).
-22
Let q(r) = -6*r**3 + 1291*r**2 + 1080*r + 64. Give q(216).
64
Let l(w) = 3*w**3 - 102*w**2 - 133*w + 59. Calculate l(36).
3047
Let u(l) = 5*l**3 - 101*l**2 - 68*l - 349. What is u(21)?
-13
Let m(b) = 758*b + 13639. What is m(-18)?
-5
Let l(o) = 41*o**3 - 11153*o**2 + 265*o + 1917. Calculate l(272).
13
Let s(g) = -5*g - 1090. Give s(24).
-1210
Let w(o) = 24912*o - 597823. Give w(24).
65
Let h(n) = -60*n**2 + 17717*n - 17717. Determine h(1).
-60
Let a(p) = -4169*p + 145928. Determine a(35).
13
Let s(q) = 18329*q - 256607. Give s(14)